*x + 9*x - 34*x + 11*x. What is m(b)?
10
Let w(n) be the third derivative of -n**5/30 - 5*n**4/24 - n**3 + 2*n**2 - 1351*n + 2. Suppose -5*t = 1 + 4, 0 = u - 2*t + 1. Calculate w(u).
-9
Let b(u) = u - 2. Let x be b(0). Let o = 138 - 134. Let a(l) = 1346 + 2*l**3 + 3*l - 674 - 671 + o*l**2. Give a(x).
-5
Suppose 4*p = -4*p + 128. Suppose -12*q = -p*q - 32. Let w be 4*(28/q)/(-7) - 0. Let n(k) = k**3 - 2*k. Determine n(w).
4
Suppose -23342*g + 23362*g = -200. Let b(l) = -99*l - 987. Calculate b(g).
3
Let d(x) = -4 + 2 - 2*x + x. Suppose -2*r - 4*m = 14, 21*r - 24*r - 2*m = 1. Suppose 3*a = y - 7, r - 2 = -2*y + a. What is d(y)?
0
Let l(p) = -4*p**3 - 15*p**2 - 30*p + 7. Let j be l(-4). Let i be (-26)/j - 8/(-44). Let t(d) = -d**3 + 2*d**2 + 3*d + 1. Calculate t(i).
1
Let g be (4 + -9 + -2 + 4)*(-14)/6. Let o(k) = k**2 - 2*k - 2. Calculate o(g).
33
Let b(m) = m**3 + 26*m**2 + 22*m - 23. Suppose -25*a = -9373 + 9998. Calculate b(a).
52
Let o(q) be the third derivative of 3*q**2 - 19/60*q**5 + 0 + 1/6*q**3 + 0*q + 1/12*q**4. Let n = -65293 - -65292. Calculate o(n).
-20
Let t(f) = 38 - 88 - 50 - 78 + 9 - 24*f. Calculate t(-7).
-1
Let x = -122 - -126. Let k(f) = f - 7 - x - 4 + 17. Let w be 8/(-5) + (-4)/10. What is k(w)?
0
Let r(t) = -36*t + 14. Let b(j) = -j**2 - 26*j - 1. Let m(n) = b(n) - r(n). Determine m(6).
9
Let i(j) = -2*j**2 + 61 - 22*j + 52 - 20 - 119. Calculate i(-12).
-50
Let u(f) be the second derivative of -f**5/20 - 5*f**4/12 + 7*f**2/2 + 301*f. Calculate u(-5).
7
Let z(c) = 905673*c - 905712*c + 17 - 12 - c**3 + 52 + 20*c**2. Give z(18).
3
Suppose -967*v = -557*v - 2870. Suppose 2*b - 5*b + 9 = 0. Let d(i) = 1 + i**3 + 1 + b*i**2 - 10*i**2. Calculate d(v).
2
Let n(u) = 207*u + 807. Let i be n(-4). Let k(r) = -r**3 - 21*r**2 + 8. Calculate k(i).
8
Suppose h + 29 = -3*t - 2*t, 4*h = -3*t - 31. Let q(c) = 5*c**2 - 3*c - 7. Let o(u) = 6*u**2 - 3*u - 8. Let i(a) = h*o(a) + 5*q(a). What is i(5)?
7
Let w(q) = -67*q + 160. Let v(r) = -152*r + 316. Let m(b) = 4*v(b) - 9*w(b). What is m(-34)?
-6
Suppose 202*j = 222*j - 20. Let f(k) = -91*k + 86. Calculate f(j).
-5
Let z be -3 + (-485)/(-20) - 1/4. Let d be (2/2)/(z/63). Suppose -x - 3*t + 23 = x, -3*x = -d*t + 3. Let l(j) = j**2 - 5*j - 5. Determine l(x).
-9
Let u(y) = 10*y + 11. Let x(b) = 23*b + 23. Let r(h) = -24*h - 23. Let a(i) = -5*r(i) - 6*x(i). Let m(q) = -6*a(q) - 11*u(q). Determine m(5).
7
Let v(t) = -t**3 - 7*t**2 + 5*t + 12. Let r(d) = d**3 + 8*d**2 - 4*d - 11. Let g(i) = 2*r(i) + 3*v(i). What is g(-6)?
8
Let k(n) = 9*n**2 - 9*n + 27. Let x(c) = 5*c**2 - 4*c + 13. Let p(b) = 4*k(b) - 7*x(b). Let j be (21/(-30))/(26/52)*-5. Calculate p(j).
10
Let q(u) = -18*u + 49. Let v(i) = -103*i + 244. Let x(f) = 11*q(f) - 2*v(f). Give x(-5).
11
Let m(f) = -2*f + 3 - 25 + 9 + 10 + 0*f - 4*f**2. Suppose -5*u = -3*x - 38, u - 2*x - 2 = -0. Suppose 4*v + u - 2 = 0. Give m(v).
-15
Let l(w) = 3*w**3 + 8*w**2 + 47*w + 8. Let c(m) = -2*m**3 - 8*m**2 - 36*m - 8. Let t(d) = 4*c(d) + 3*l(d). Determine t(0).
-8
Let u(k) = -33419 + 32766 - 60*k - 6*k + 6*k. Give u(-11).
7
Let n(v) = -v**2 + 7*v + 171. Let j(g) = -g**2 + 236*g + 734. Let y be j(-3). Give n(y).
1
Suppose -3120 = -46*v + 299*v - 13*v. Let t(n) = 2*n**2 + 30*n + 34. Calculate t(v).
-18
Let i(p) be the second derivative of -11*p**3/6 - 26*p**2 - 3201*p. What is i(-9)?
47
Let u(g) be the second derivative of g**7/2520 - g**6/180 + g**5/60 - 43*g**4/12 + g**2/2 - 3*g - 6. Let c(o) be the third derivative of u(o). Determine c(5).
7
Let o be (-24)/18*6/(-4). Let x(y) = -4*y**2 + 2*y**o - 4*y - 3*y**2 + 6*y**2. Calculate x(3).
-3
Let n(r) = r**2 + 12*r + 11. Let i be 4 + 476/(-126) + 2/(-9). Let h(j) = j**3 - 2*j**2 + j - 8. Let b be h(i). Give n(b).
-21
Suppose -22*q + 175 = -111. Suppose 12 = -9*t + q*t. Let p(m) be the second derivative of m**3/3 - m**2/2 - m. Give p(t).
5
Let c(b) = -3907*b**2 + 4938*b**2 - b**3 - 1027*b**2 + 2*b - 6. Let h = -4 + 8. Calculate c(h).
2
Suppose 9 = -r - 3*l, 2*r = l + 3*l + 22. Let q(k) = 0*k - r*k + 85*k**2 + 8 + 4*k - 84*k**2. Suppose -y = 4*t + y + 10, -t - 4*y = 20. Give q(t).
8
Let y(s) be the first derivative of 1185 + 2*s**4 - s - s**4 - 1152. Let c be (-3)/(-7) + (-28)/(-49). Give y(c).
3
Suppose 0 = -24*m - 36 + 324. Let k(x) = -x**3 + 11*x**2 + 15*x + 27. Determine k(m).
63
Let m(x) = -4*x - 26. Let w be (-144)/27*15/10. Calculate m(w).
6
Let d = -720 + 725. Suppose d*l - 3*v = 14, -4*l - 81 = -v - 95. Let m(b) = 3*b - 4. What is m(l)?
8
Let j(v) = -6*v + 98. Let m = -20473 + 20488. Determine j(m).
8
Let z(g) = -5 + 1 + 0 - 5*g. Let v = -1463 - -1671. Suppose -4*c - 3*b = 13, v*b - 207*b = 1. Determine z(c).
16
Suppose -10 = -4*d - 8*d + 2*d. Let q(w) = 12*w**3 - 2*w**2 - w + 2. Calculate q(d).
11
Let c(x) = x**2 + 9*x + 7. Let u(j) = 3*j**2 + 3*j - 8. Let d = 25 - 30. Let h be u(d). Let s = 46 - h. Give c(s).
-11
Let k(a) = 7*a + 2. Let t(u) = 20*u + 4. Suppose 4*y + 23 = 11, -b = 3*y + 3. Let l(p) = b*t(p) - 17*k(p). What is l(0)?
-10
Let t(x) = -6*x**2 - 2*x + 10. Let d(o) = -o**2. Let j(p) = 5*d(p) - t(p). Let w = -72740 + 72740. What is j(w)?
-10
Let q(s) be the second derivative of 3/2*s**3 + 1/20*s**5 + 0 + 3*s**2 - 36*s - 11/12*s**4. Calculate q(10).
-4
Let u(f) = -2*f**2 + 55*f - 148. Let d be u(25). Let j(m) = -3*m - 51. Determine j(d).
18
Let t(r) = -1115*r - r**3 - 1106*r - 1119*r - 19 + 3326*r - 13*r**2. Calculate t(-12).
5
Let n(d) = -d**3 - 10*d**2 - d - 7. Suppose -4 - 16 = 2*s. Let j be n(s). Let c(p) = -3*p**3 - 1 - 7*p**j + 7*p**3 + 0. Determine c(1).
-4
Let d(t) be the third derivative of 0*t - 1/24*t**4 - 13*t**2 + 0 - 1/3*t**3. What is d(5)?
-7
Let d = 2665 + -2665. Let s(f) = -f**2 + 2*f + 8. Give s(d).
8
Let m(o) = 4*o**2 - o + 7. Let w be m(9). Let u = 314 - w. Let x(c) = -c**2 - 9*c - 6. Determine x(u).
2
Suppose -z + 4 = 3*z. Let t(a) = -3*a**2 + 44*a - 21. Let u be t(14). Let b(v) = -u + 6 + 0 + 4*v**3 + 2*v**2. Determine b(z).
5
Let g(f) = -f**2 - 8*f + 262. Let q(w) = -9*w + 321. Let o(h) = -5*g(h) + 4*q(h). Give o(-6).
130
Let s(a) = 3*a + 6. Suppose 1338 = 5*j - 192. Let o = j + -310. What is s(o)?
-6
Let h(a) be the second derivative of a**5/20 + 7*a**4/12 + 4*a**2 + 1372*a. What is h(-7)?
8
Let r(n) = 9*n**3 - 22*n**2 + 30*n - 9. Let c(k) = 5*k**3 - 10*k**2 + 18*k - 4. Let i(a) = -5*c(a) + 3*r(a). Determine i(8).
-7
Let i(y) = y + 4. Suppose 4*c - 239 = -5*g, 104 = 2*g - 3*c + 13. Let f = -49 + g. Let u be (6 - 6)/(f/(-1)). Give i(u).
4
Suppose -3604 = d - 3605. Let t(i) = -4*i**2 + 27*i - 29. Calculate t(d).
-6
Let u(b) = b + 6. Let r(m) = 3*m**2 - 9*m + 9. Let f be r(1). Let c be ((-4)/36*f)/(2/42). Determine u(c).
-1
Let m(c) = -2*c + 1. Let d(l) = -6*l - 45. Let j(n) = -d(n) + 2*m(n). Calculate j(-20).
7
Suppose -5*s - 2*d = -6, s + 5*d - 1 = -9. Let k(o) = 4*o - 2 + 9 - s. Determine k(6).
29
Let g(y) = y**3 + 11*y**2 + 19*y - 21. Suppose 6*x + 12*d - 8*d + 78 = 0, 2*d + 3 = x. Determine g(x).
-30
Suppose -y + 6 = 4*m, 24*y = 2*m + 21*y + 4. Let h(s) = -7*s**2 - 6*s - 7. Let b(x) = -2 - 36*x**2 + 37*x**2 + x + 3. Let a(v) = 6*b(v) + h(v). What is a(m)?
-2
Let p(k) = 0*k - 38 - 8*k**2 - k + 2*k**3 + 7*k + 8*k - 4*k. Let o be p(4). Let v(n) be the second derivative of n**3/2 - 3*n**2/2 + n. Calculate v(o).
3
Suppose 2*x - 17 = 5*c, x = 5*c - 7*c - 5. Let a(s) = 6*s**2 + 4*s**2 + 2*s**2 - 3*s**2 - 4*s**2 + 4*s + x. Determine a(-3).
34
Let d be (-210)/90 + 7/3. Suppose -91*w + 74*w = d. Let h(g) = g**3 - g**2 - 22. Give h(w).
-22
Let o(w) = 2*w**2 - 6*w + 3. Let g(b) = 14*b**2 - 2*b + 12. Let m(u) = u**2 - u. Let n(t) = g(t) - 12*m(t). Let v be n(-4). Determine o(v).
11
Let w(c) be the second derivative of c**6/30 - c**5/120 + c**3/2 + 5*c**2/2 - 2*c - 3. Let t(i) be the second derivative of w(i). Determine t(1).
11
Let g = 7280 + -7276. Let h(z) = -9*z - 2. Calculate h(g).
-38
Let p = 8 + -14. Let w = -17 + 52. Let v(a) = -34*a**2 - 17*a + 20*a + w*a**2 - 4. Determine v(p).
14
Let t(w) = w**3 + 20*w**2 + 98*w - 14. Let n be t(-10). Let v(b) = -b**2 + 7*b - 8. What is v(n)?
-2
Let n(m) be the first derivative of -m**3/3 - m**2 - m - 2. Let f(w) = w**3 + 6*w**2 - 3*w - 3. Let q be f(-6). Suppose -9*b + 4*b - q = 0. Calculate n(b).
-4
Let o(v) = v**3 + 5*v**2 + v. Let 